 divided by 459.
309
What is the remainder when 16160 is divided by 1153?
18
What is the remainder when 9763 is divided by 49?
12
Calculate the remainder when 16995 is divided by 144.
3
Calculate the remainder when 271628 is divided by 9.
8
What is the remainder when 247322 is divided by 82439?
5
What is the remainder when 28416 is divided by 196?
192
Calculate the remainder when 10575 is divided by 2112.
15
What is the remainder when 77133 is divided by 1331?
1266
Calculate the remainder when 144 is divided by 30.
24
Calculate the remainder when 55928 is divided by 70.
68
What is the remainder when 466 is divided by 97?
78
Calculate the remainder when 620377 is divided by 38773.
9
What is the remainder when 14781 is divided by 400?
381
Calculate the remainder when 3854 is divided by 218.
148
What is the remainder when 147500 is divided by 90?
80
What is the remainder when 299995 is divided by 25?
20
Calculate the remainder when 5980 is divided by 1969.
73
Calculate the remainder when 97549 is divided by 16.
13
Calculate the remainder when 49510 is divided by 1456.
6
What is the remainder when 6587 is divided by 184?
147
What is the remainder when 1581 is divided by 27?
15
What is the remainder when 5185 is divided by 517?
15
Calculate the remainder when 20014 is divided by 253.
27
Calculate the remainder when 16937 is divided by 253.
239
Calculate the remainder when 75068 is divided by 243.
224
Calculate the remainder when 1191 is divided by 978.
213
What is the remainder when 3517 is divided by 43?
34
Calculate the remainder when 5034 is divided by 5.
4
Calculate the remainder when 8427 is divided by 143.
133
What is the remainder when 11390 is divided by 200?
190
Calculate the remainder when 3218 is divided by 3200.
18
Calculate the remainder when 37319 is divided by 12439.
2
What is the remainder when 2082 is divided by 66?
36
Calculate the remainder when 1434 is divided by 256.
154
Calculate the remainder when 2757 is divided by 582.
429
What is the remainder when 18143 is divided by 422?
419
Calculate the remainder when 18918 is divided by 11.
9
Calculate the remainder when 5297 is divided by 657.
41
What is the remainder when 9498 is divided by 3162?
12
Calculate the remainder when 29451 is divided by 37.
36
What is the remainder when 3500 is divided by 42?
14
Calculate the remainder when 34171 is divided by 62.
9
What is the remainder when 14221 is divided by 101?
81
What is the remainder when 3516 is divided by 870?
36
Calculate the remainder when 4173 is divided by 1352.
117
Calculate the remainder when 272577 is divided by 1180.
1177
What is the remainder when 45920 is divided by 76?
16
What is the remainder when 17618 is divided by 615?
398
What is the remainder when 4060 is divided by 97?
83
What is the remainder when 4972 is divided by 29?
13
Calculate the remainder when 32210 is divided by 10735.
5
What is the remainder when 302417 is divided by 25201?
5
Calculate the remainder when 32541 is divided by 383.
369
Calculate the remainder when 48668 is divided by 1392.
1340
Calculate the remainder when 5615 is divided by 208.
207
What is the remainder when 6625 is divided by 8?
1
What is the remainder when 102609 is divided by 137?
133
What is the remainder when 31860 is divided by 77?
59
Calculate the remainder when 76788 is divided by 110.
8
What is the remainder when 263 is divided by 92?
79
What is the remainder when 3748 is divided by 808?
516
What is the remainder when 1816 is divided by 863?
90
What is the remainder when 275376 is divided by 36?
12
What is the remainder when 42797 is divided by 40?
37
What is the remainder when 4216 is divided by 10?
6
What is the remainder when 4904 is divided by 66?
20
Calculate the remainder when 48215 is divided by 1237.
1209
What is the remainder when 475576 is divided by 215?
211
Calculate the remainder when 172390 is divided by 52.
10
What is the remainder when 121295 is divided by 23?
16
Calculate the remainder when 21748 is divided by 26.
12
What is the remainder when 11994 is divided by 22?
4
What is the remainder when 31549 is divided by 31515?
34
Calculate the remainder when 894430 is divided by 223606.
6
What is the remainder when 32552 is divided by 2170?
2
What is the remainder when 711 is divided by 486?
225
What is the remainder when 55226 is divided by 56?
10
Calculate the remainder when 30535 is divided by 260.
115
What is the remainder when 320686 is divided by 136?
134
What is the remainder when 3253 is divided by 727?
345
What is the remainder when 35320 is divided by 16?
8
What is the remainder when 98024 is divided by 31?
2
Calculate the remainder when 1271 is divided by 51.
47
Calculate the remainder when 25918 is divided by 864.
862
Calculate the remainder when 38047 is divided by 9511.
3
What is the remainder when 298 is divided by 195?
103
Calculate the remainder when 15758 is divided by 30.
8
What is the remainder when 20777 is divided by 20763?
14
Calculate the remainder when 55316 is divided by 299.
1
Calculate the remainder when 59967 is divided by 102.
93
What is the remainder when 11322 is divided by 2245?
97
What is the remainder when 147467 is divided by 38?
27
What is the remainder when 13999 is divided by 2?
1
Calculate the remainder when 12323 is divided by 6155.
13
What is the remainder when 63009 is divided by 356?
353
What is the remainder when 1832 is divided by 456?
8
What is the remainder when 214180 is divided by 14?
8
What is the remainder when 304043 is divided by 101343?
14
Calculate the remainder when 30627 is divided by 320.
227
Calculate the remainder when 62204 is divided by 432.
428
Calculate the remainder when 20791 is divided by 10295.
201
Calculate the remainder when 13246 is divided by 265.
261
Calculate the remainder when 9461 is divided by 109.
87
Calculate the remainder when 8068 is divided by 8032.
36
What is the remainder when 14686 is divided by 113?
109
Calculate the remainder when 26675 is divided by 342.
341
Calculate the remainder when 58644 is divided by 413.
411
What is the remainder when 3147 is divided by 637?
599
What is the remainder when 158616 is divided by 127?
120
Calculate the remainder when 19315 is divided by 4821.
31
What is the remainder when 4268 is divided by 130?
108
What is the remainder when 1039 is divided by 194?
69
What is the remainder when 73324 is divided by 1836?
1720
What is the remainder when 26318 is divided by 8742?
92
Calculate the remainder when 9825 is divided by 379.
350
Calculate the remainder when 442450 is divided by 30.
10
Calculate the remainder when 223450 is divided by 12.
10
Calculate the remainder when 42544 is divided by 235.
9
Calculate the remainder when 4444 is divided by 383.
231
What is the remainder when 10411 is divided by 261?
232
What is the remainder when 2962 is divided by 185?
2
What is the remainder when 16300 is divided by 16287?
13
Calculate the remainder when 2637 is divided by 206.
165
Calculate the remainder when 2533 is divided by 267.
130
Calculate the remainder when 15296 is divided by 11.
6
What is the remainder when 1211 is divided by 378?
77
Calculate the remainder when 1688 is divided by 14.
8
What is the remainder when 187175 is divided by 62386?
17
What is the remainder when 2190 is divided by 69?
51
Calculate the remainder when 446835 is divided by 1137.
1131
What is the remainder when 217796 is divided by 363?
359
What is the remainder when 91925 is divided by 30626?
47
Calculate the remainder when 52642 is divided by 3760.
2
What is the remainder when 61768 is divided by 441?
28
Calculate the remainder when 699 is divided by 182.
153
Calculate the remainder when 48263 is divided by 439.
412
Calculate the remainder when 20695 is divided by 2299.
4
Calculate the remainder when 121887 is divided by 1150.
1137
Calculate the remainder when 13046 is divided by 1428.
194
What is the remainder when 128306 is divided by 94?
90
Calculate the remainder when 44128 is divided by 246.
94
Calculate the remainder when 31744 is divided by 1689.
1342
Calculate the remainder when 2119158 is divided by 1240.
1238
What is the remainder when 7224 is divided by 573?
348
What is the remainder when 52292 is divided by 255?
17
Calculate the remainder when 12030 is divided 